88
Let r(i) = 11*i + 397. Determine r(-36).
1
Let o(b) = 238*b**2 - 4*b + 6. Give o(1).
240
Let r(s) = 182*s - 936. Give r(5).
-26
Let d(z) = -20*z + 140. What is d(9)?
-40
Let v(s) = 123*s + 232. Calculate v(-2).
-14
Let m(i) = i**3 - 18*i**2 + 35*i - 30. Determine m(15).
-180
Let y(m) = m**3 + 13*m**2 - 108*m - 1418. Give y(-12).
22
Let m(t) = -26*t**2 - 138*t + 32. What is m(-6)?
-76
Let d(w) = 19*w**2 - 2323*w + 2898. Calculate d(121).
-6
Let a(q) = 2*q**3 - 27*q**2 + 27*q + 33. Calculate a(10).
-397
Let c(d) = 3*d**3 + 2*d**2 - 9*d - 11. Determine c(0).
-11
Let t(g) = -114*g**2 - 1129*g - 2. Give t(-10).
-112
Let f(b) = b**3 - 69*b**2 - 71*b + 4902. Give f(69).
3
Let a(w) = 110*w + 993. What is a(-9)?
3
Let b(l) = 330*l**2 - 2645*l + 47. What is b(8)?
7
Let r(l) = 5*l**3 + 5*l**2 + l. Determine r(-1).
-1
Let r(f) = -941*f - 10388. What is r(-11)?
-37
Let g(j) = -48*j**2 + 623*j + 12. Determine g(13).
-1
Let w(y) = -4*y**2 + 70*y - 272. Determine w(6).
4
Let u(l) = 3001*l - 39021. Give u(13).
-8
Let b(a) = 7*a + 249. Calculate b(-38).
-17
Let b(q) = -251*q**3 + 7*q**2 - 3. Give b(1).
-247
Let t(g) = 17*g**2 + 34*g - 33. Give t(1).
18
Let x(p) = 9775*p + 58644. Give x(-6).
-6
Let m(y) = y**2 - 1499*y - 19658. Give m(-13).
-2
Let v(f) = -f**3 - 17*f**2 + 59*f - 21. Give v(-20).
-1
Let q(w) = w**2 + 26*w + 95. What is q(-7)?
-38
Let s(a) = -a**2 + 58*a - 820. Determine s(32).
12
Let x(s) = 24*s - 4855. Calculate x(202).
-7
Let r(s) = -103*s + 285. What is r(4)?
-127
Let h(z) = 39*z + 686. What is h(-18)?
-16
Let m(r) = 10*r - 279. Determine m(-7).
-349
Let c(w) = w**3 + 50*w**2 + 90*w - 60. Give c(-48).
228
Let a(n) = n**2 - 187*n - 1558. Give a(-8).
2
Let r(s) = -s**3 + 3*s**2 + 20*s + 19. Determine r(7).
-37
Let m(x) = x**2 - 40*x + 78. What is m(36)?
-66
Let u(y) = 6*y**3 + 5*y**2 + 4*y - 22. Determine u(-4).
-342
Let b(s) = -3*s**3 + 78*s**2 + 82*s + 30. Determine b(27).
57
Let v(u) = -66*u + 1051. Calculate v(16).
-5
Let o(z) = z**2 - 27*z - 490. What is o(40)?
30
Let k(f) = 20*f - 261. Give k(14).
19
Let m(w) = -w**3 + 9*w**2 + 58*w - 522. Give m(9).
0
Let u(l) = -53*l - 191. Give u(-8).
233
Let b(t) = -15*t**2 + 5*t - 12. Calculate b(2).
-62
Let x(g) = -g**3 + 6*g**2 + 5*g + 10. Calculate x(8).
-78
Let s(p) = p**2 - 196*p + 3966. Determine s(23).
-13
Let i(f) = -f**2 - 182*f - 893. What is i(-5)?
-8
Let n(r) = r**2 - 67*r + 1119. Determine n(37).
9
Let o(y) = -81*y - 1780. Determine o(-22).
2
Let g(c) = -c**3 - 48*c**2 - 103*c - 464. Determine g(-46).
42
Let v(k) = 15*k + 145. What is v(-15)?
-80
Let y(b) = 64*b - 2941. Determine y(46).
3
Let o(w) = -411*w - 478. What is o(0)?
-478
Let p(y) = -140*y + 4. Give p(0).
4
Let s(p) = -p**2 - 34*p - 496. Give s(-14).
-216
Let b(u) = -u**3 - 2*u**2 - u + 32. What is b(0)?
32
Let g(l) = -l**3 - l**2 - 98. Give g(0).
-98
Let c(d) = -25*d + 998. Give c(43).
-77
Let j(u) = -8*u**2 + 88*u - 13. Calculate j(15).
-493
Let o(k) = -137*k + 2466. Determine o(18).
0
Let y(t) = t**2 + 11*t - 66. What is y(-16)?
14
Let g(s) = 113*s - 1605. Determine g(14).
-23
Let l(y) = 203*y - 43031. Determine l(212).
5
Let r(s) = -s**3 - 9*s**2 + 12*s + 133. Determine r(-8).
-27
Let m(p) = 22*p + 152. Determine m(5).
262
Let m(v) = -v**3 - 2*v**2 - 16*v + 196. What is m(0)?
196
Let g(l) = -1076*l - 2188. Give g(-2).
-36
Let k(g) = 279*g + 5021. What is k(-18)?
-1
Let t(n) = n**3 - 4*n**2 + 2*n + 28. Give t(7).
189
Let x(r) = 60*r - 48. What is x(1)?
12
Let n(a) = -2*a**3 + 58*a**2 - 55*a - 32. What is n(28)?
-4
Let y(s) = -5*s**3 + 4*s**2 + 4*s - 4. Give y(-4).
364
Let u(v) = 52*v + 1039. Calculate u(-20).
-1
Let k(x) = x**3 + 8*x**2 + 320*x + 1849. Calculate k(-6).
1
Let g(o) = -o**3 + 7*o**2 + 12*o - 32. Give g(7).
52
Let h(x) = -13*x**3 - 390*x**2 - 2*x - 58. Calculate h(-30).
2
Let z(y) = -6*y**2 + 151*y - 1020. What is z(6)?
-330
Let y(b) = b**3 - 6*b - 39. Give y(-4).
-79
Let j(d) = -174*d + 702. Give j(4).
6
Let j(g) = -28*g - 585. Calculate j(-20).
-25
Let x(m) = 4*m**3 + 1445*m**2 - 5473*m + 734. What is x(-365)?
4
Let a(x) = -x**2 - 106*x - 2730. What is a(-46)?
30
Let i(r) = -r**2 - 638*r - 5040. Calculate i(-8).
0
Let l(g) = -23*g**2 + 3*g + 19. Give l(-3).
-197
Let r(z) = 4*z**2 - 1227*z + 3671. What is r(3)?
26
Let m(f) = 47*f + 502. Give m(-10).
32
Let u(s) = -5*s**3 - 44*s**2 + 6*s - 3. Calculate u(-9).
24
Let a(d) = -117*d**3 + 8*d**2 + 8*d - 2. Calculate a(-1).
115
Let n(j) = -j**2 + 2*j + 1008. Give n(-32).
-80
Let o(w) = -78*w**2 + 1170*w. What is o(15)?
0
Let b(f) = -f**2 + 66*f - 237. Calculate b(62).
11
Let g(l) = -43*l + 68. What is g(8)?
-276
Let k(c) = c**3 + 8*c**2 + 3*c - 4. Give k(-7).
24
Let c(o) = -o**3 + 13*o**2 - 13*o + 282. Give c(13).
113
Let d(z) = z**3 - 9*z**2 + 23*z + 4. What is d(5)?
19
Let z(o) = -39*o - 590. Calculate z(-15).
-5
Let k(t) = 347*t + 3121. Calculate k(-9).
-2
Let y(h) = -10*h - 241. Give y(-19).
-51
Let a(l) = 2*l**2 + 47*l + 32. What is a(-27)?
221
Let b(r) = -3*r**2 + 207. What is b(0)?
207
Let s(a) = 105*a + 851. What is s(-8)?
11
Let z(r) = 13*r + 523. What is z(-54)?
-179
Let r(k) = -2688*k + 5376. What is r(2)?
0
Let p(v) = 76*v - 14711. Calculate p(194).
33
Let z(d) = -112*d - 1273. Calculate z(-12).
71
Let g(p) = -10821*p + 119035. Determine g(11).
4
Let u(x) = -x**3 - 5*x**2 + 23*x + 58. Calculate u(-8).
66
Let l(b) = 9*b**2 + 26*b - 30. What is l(-4)?
10
Let m(o) = -2*o**3 - 25*o**2 - 8*o + 44. What is m(-12)?
-4
Let f(q) = -q**3 + 14*q**2 - 52*q + 69. Calculate f(9).
6
Let j(l) = 3*l**2 + 20*l - 276. Determine j(0).
-276
Let f(q) = -408*q + 9374. Determine f(23).
-10
Let c(k) = k**3 + 27*k**2 - 16*k + 229. Calculate c(-28).
-107
Let n(u) = 4*u**3 + 16*u**2 + 20*u + 23. Give n(-3).
-1
Let u(i) = -i**3 - 13*i**2 + 36*i + 32. Determine u(-15).
-58
Let a(k) = -3*k**2 - 40*k - 306. Give a(-14).
-334
Let c(d) = -d**3 + 8*d**2 + 8*d + 83. Give c(10).
-37
Let v(i) = 3*i**2 - 80*i + 418. What is v(13)?
-115
Let o(n) = -n**3 + 24*n**2 - 83*n + 427. Give o(21).
7
Let d(b) = -9*b**2 - 60*b - 40. Calculate d(-6).
-4
Let h(u) = -58*u - 564. Calculate h(-9).
-42
Let t(y) = -y**3 - 75*y**2 - 40. Determine t(-75).
-40
Let o(t) = 5*t**3 - 2*t**2 + 5*t - 6. Determine o(3).
126
Let j(m) = -m**3 - 57*m**2 - 346*m + 191. What is j(-50)?
-9
Let p(c) = -43*c**3 + 3*c**2 + 5*c + 4. Give p(-1).
45
Let s(g) = -53*g**3 + 2*g**2 + 12*g + 10. Determine s(-1).
53
Let h(q) = -q**3 + 39*q**2 - 75*q + 174. What is h(37)?
137
Let y(g) = 24*g + 162. Determine y(-11).
-102
Let v(z) = -z**3 - 87*z**2 - 499*z - 1049. Determine v(-81).
4
Let f(r) = -r**2 + 13*r + 153. Give f(-8).
-15
Let i(l) = 7*l - 13. Calculate i(12).
71
Let p(w) = w**2 + 10*w + 28. Give p(-7).
7
Let n(a) = a**3 + 18*a**2 - 2*a - 277. Determine n(-19).
-600
Let n(v) = v**3 + 13*v**2 + 36*v + 98. Calculate n(-12).
-190
Let a(k) = -1296*k + 9065. Determine a(7).
-7
Let o(t) = -t**2 + 77*t - 1133. Give o(20).
7
Let l(a) = -a**3 + 25*a**2 + 26*a + 154. Give l(26).
154
Let c(s) = -5*s**3 + 19*s**2 + 2*s + 9. Calculate c(5).
-131
Let y(j) = 2*j**3 + 28*j**2 - 9*j - 2. Determine y(-15).
-317
Let r(l) = -2*l**2 - 24*l - 66. What is r(-3)?
-12
Let i(h) = h**3 - 28*h**2 + 8*h - 2042. Calculate i(30).
-2
Let g(l) = 1692*l + 23708. Determine g(-14).
20
Let x(f) = -260*f + 1071. Give x(4).
31
Let q(z) = z**3 + 10*z**2 - 4*z + 22. Determine q(0).
22
Let y(k) = -849*k - 92556. What is y(-109)?
-15
Let t(y) = y - 79. Calculate t(6).
-73
Let u(c) = 2*c**2 - 39*c + 80. Give u(17).
-5
Let t(p) = p**2 + 300*p - 10. Give t(0).
-10
Let w(m) = -294*m + 300. Give w(1).
6
Let i(t) = 37*t + 1067. Give i(-28).
31
Let z(r) = r**3 - 23*r**2 + 18*r + 122. Calculate z(22).
34
Let a(u) = u**3 - 56*u**2 - 1345*u + 953. What is a(74)?
-9
Let l(y) = y - 28. Give l(10).
-18
Let r(b) = 2*b**2 - 81*b + 130. Calculate r(31).
-459
Let y(v) = 111*v + 16. Determine y(2).
238
Let s(d) = 127*d**2 - 19*d + 16. What is s(1)?
124
Let c(l) = -11*l**2 + 315*l + 126. Determine c(29).
10
Let r(o) = o**2 - 25*o + 108. What is r(5)?
8
Let g(t) = 2*t**3 + 291*t**2 + 94*t - 7401. What is g(-145)?
-6
Let t(o) = -42*o**2 + 482*o - 479. Calculate t(1).
-39
Let g(h) = 28*h - 257. What is g(8)?
-33
Let g(i) = -11*i**2 - 202*i - 873. Determine g(-7).
2
Let n(a) = a**3 + 21*a**2 